12) to base 14.
-29
-1 (base 15) to base 16
-1
Convert 0 (base 6) to base 9.
0
What is b (base 12) in base 15?
b
13 (base 14) to base 5
32
Convert 101011 (base 2) to base 6.
111
Convert -1a (base 12) to base 8.
-26
What is 5 (base 12) in base 14?
5
Convert -34 (base 13) to base 15.
-2d
Convert -38 (base 13) to base 12.
-3b
-51 (base 7) to base 8
-44
95 (base 11) to base 4
1220
Convert -8 (base 13) to base 9.
-8
-32 (base 8) to base 6
-42
What is 4 (base 14) in base 12?
4
111 (base 2) to base 10
7
Convert -2 (base 10) to base 6.
-2
-8 (base 15) to base 16
-8
Convert -43 (base 7) to base 12.
-27
What is -5 (base 9) in base 5?
-10
Convert -52 (base 11) to base 3.
-2010
Convert 0 (base 6) to base 16.
0
Convert -10 (base 12) to base 13.
-c
What is -1 (base 14) in base 9?
-1
What is -76 (base 11) in base 2?
-1010011
1 (base 12) to base 10
1
Convert -3 (base 11) to base 10.
-3
Convert 2 (base 8) to base 10.
2
What is 35 (base 9) in base 14?
24
What is 2 (base 12) in base 16?
2
12 (base 15) to base 10
17
12020 (base 3) to base 12
b9
What is -3 (base 7) in base 3?
-10
-12 (base 5) to base 2
-111
Convert -7a (base 13) to base 6.
-245
-1 (base 3) to base 11
-1
41 (base 5) to base 12
19
9 (base 11) to base 3
100
Convert -5 (base 13) to base 11.
-5
What is 19 (base 16) in base 15?
1a
What is 42 (base 9) in base 15?
28
Convert -13a (base 13) to base 5.
-1333
Convert -b (base 14) to base 11.
-10
What is 54 (base 9) in base 11?
45
What is 0 (base 10) in base 12?
0
-24 (base 5) to base 15
-e
-10 (base 14) to base 4
-32
What is -1001 (base 3) in base 16?
-1c
What is -21120 (base 3) in base 4?
-3030
2 (base 8) to base 13
2
What is 17 (base 9) in base 7?
22
Convert 110 (base 2) to base 13.
6
What is 3 (base 12) in base 3?
10
What is -20 (base 3) in base 10?
-6
-21 (base 3) to base 6
-11
Convert 130 (base 12) to base 4.
2310
-100100 (base 2) to base 4
-210
Convert -1 (base 7) to base 15.
-1
Convert -101 (base 2) to base 3.
-12
1001 (base 2) to base 6
13
22 (base 14) to base 15
20
What is -51 (base 9) in base 3?
-1201
Convert 5 (base 15) to base 14.
5
Convert 14 (base 5) to base 11.
9
Convert 18 (base 9) to base 11.
16
-b (base 14) to base 6
-15
Convert -110 (base 5) to base 4.
-132
-1 (base 3) to base 8
-1
67 (base 10) to base 4
1003
What is 2 (base 13) in base 10?
2
b5 (base 12) to base 2
10001001
What is -3 (base 14) in base 11?
-3
What is 1 (base 10) in base 4?
1
What is -4 (base 5) in base 9?
-4
-32 (base 6) to base 7
-26
Convert 52 (base 6) to base 8.
40
What is -11 (base 5) in base 12?
-6
What is 4 (base 13) in base 14?
4
-110000 (base 2) to base 14
-36
-2b (base 12) to base 11
-32
Convert -4 (base 8) to base 4.
-10
Convert -122 (base 6) to base 3.
-1212
What is 53 (base 6) in base 2?
100001
What is -1 (base 8) in base 10?
-1
-101 (base 4) to base 2
-10001
What is da (base 15) in base 5?
1310
What is -18 (base 9) in base 11?
-16
Convert 122 (base 5) to base 9.
41
Convert -101 (base 14) to base 6.
-525
Convert -134 (base 9) to base 4.
-1300
-2 (base 13) to base 4
-2
What is -17 (base 13) in base 12?
-18
Convert 4 (base 5) to base 15.
4
Convert -53 (base 12) to base 7.
-120
Convert 32 (base 4) to base 14.
10
Convert -1 (base 15) to base 5.
-1
Convert 20 (base 4) to base 15.
8
37 (base 11) to base 14
2c
Convert -7 (base 9) to base 2.
-111
What is 31 (base 11) in base 14?
26
204 (base 12) to base 16
124
-1 (base 4) to base 10
-1
Convert -14 (base 9) to base 4.
-31
What is -10 (base 13) in base 15?
-d
Convert -1 (base 5) to base 16.
-1
What is 1 (base 11) in base 16?
1
What is 3 (base 11) in base 6?
3
-125 (base 6) to base 10
-53
What is 232 (base 4) in base 5?
141
Convert 3 (base 6) to base 14.
3
Convert -60 (base 8) to base 3.
-1210
75 (base 13) to base 9
116
What is 0 (base 10) in base 13?
0
What is -1 (base 16) in base 3?
-1
-17 (base 15) to base 6
-34
10200 (base 4) to base 14
168
-2 (base 10) to base 9
-2
What is -16 (base 13) in base 3?
-201
Convert 121 (base 3) to base 14.
12
What is -101 (base 5) in base 8?
-32
What is 1 (base 10) in base 2?
1
Convert -8 (base 13) to base 10.
-8
What is 55 (base 8) in base 14?
33
-11 (base 14) to base 11
-14
-4 (base 14) to base 4
-10
What is -2321 (base 4) in base 15?
-c5
What is -16 (base 12) in base 6?
-30
-1 (base 2) to base 10
-1
Convert 2 (base 5) to base 8.
2
Convert 22 (base 6) to base 4.
32
What is -1051 (base 6) in base 11?
-205
0 (base 9) to base 15
0
Convert -100001110 (base 2) to base 12.
-1a6
2 (base 10) to base 5
2
Convert 29 (base 12) to base 11.
30
Convert 13d (base 14) to base 13.
164
Convert -2 (base 12) to base 10.
-2
-86 (base 15) to base 6
-330
Convert 2 (base 7) to base 12.
2
What is 0 (base 2) in base 10?
0
-1 (base 15) to base 10
-1
Convert 27 (base 11) to base 5.
104
What is 13 (base 8) in base 12?
b
Convert 13 (base 11) to base 9.
15
-22 (base 4) to base 15
-a
1 (base 15) to base 11
1
Convert -2233 (base 4) to base 10.
-175
Convert 0 (base 2) to base 14.
0
Convert 3132 (base 5) to base 11.
34a
Convert -224 (base 5) to base 8.
-100
Convert -3 (base 16) to base 8.
-3
Convert 8 (base 16) to base 15.
8
What is 100 (base 2) in base 8?
4
0 (base 2) to base 14
0
Convert -221 (base 5) to base 13.
-49
Convert -233 (base 5) to base 15.
-48
Convert -4 (base 9) to base 4.
-10
Convert 5b (base 15) to base 12.
72
Convert -36 (base 8) to base 9.
-33
Convert -53 (base 11) to base 10.
-58
What is 3 (base 6) in base 8?
3
-2 (base 8) to base 13
-2
What is -a (base 13) in base 2?
-1010
Convert -6 (base 10) to base 9.
-6
60 (base 8) to base 7
66
What is -47 (base 14) in base 16?
-3f
Convert 53 (base 15) to base 5.
303
Convert -75 (base 16) to base 9.
-140
Convert 345 (base 8) to base 12.
171
What is 15 (base 7) in base 8?
14
Convert -1 (base 4) to base 9.
-1
What is 20011 (base 3) in base 12?
11a
53 (base 9) to base 12
40
What is -8 (base 11) in base 3?
-22
What is 3 (base 16) in base 9?
3
Convert 12 (base 12) to base 6.
22
Convert -7 (base 10) to base 7.
-10
What is -15 (base 6) in base 8?
-13
What is -22 (base 11) in base 8?
-30
-2 (base 3) to base 12
-2
-b (base 15) to base 11
-10
-5 (base 14) to base 11
-5
What is -2 (base 11) in base 3?
-2
Convert 3 (base 15) to base 16.
3
-8 (base 14) to base 10
-8
Convert 1 (base 14) to base 5.
1
-8a (base 16) to base 15
-93
-102 (base 3) to base 11
-10
What is 0 (base 16) in base 3?
0
What is -3 (base 7) in base 14?
-3
-9a (base 15) to base 9
-171
What is 0 (base 10) in base 12?
0
-19 (base 14) to base 2
-10111
Convert -4 (base 9) to base 15.
-4
What is -5 (base 6) in base 11?
-5
What is 15 (base 8) in base 10?
13
Convert 38 (base 10) to base 8.
46
-2 (base 12) to base 4
-2
Convert 3 (base 8) to base 13.
3
Convert -1 (base 10) to base 4.
-1
Convert 1 (base 2) to base 14.
1
Convert 4 (base 9) to base 8.
4
What is -10031 (base 4) in base 7?
-533
5 (base 7) to base 14
5
25 (base 8) to base 2
10101
1 (base 13) to base 3
1
Convert 27 (base 13) to base 7.
45
Convert 15 (base 14) to base 4.
103
-214 (base 6) to base 2
-1010010
What is -4 (base 11) in base 16?
-4
What is -15 (base 6) in base 2?
-1011
What is 1 (base 13) in base 11?
1
Convert -43 (base 6) to base 2.
-11011
Convert 56 (base 7) to base 3.
1112
-1c (base 16) to base 3
-1001
Convert 13 (base 12) to base 8.
17
What is 20 (base 3) in base 5?
11
-65 (base 8) to base 7
-104
What is 19 (base 11) in base 3?
202
Convert -16 (base 8) to base 16.
-e
0 (base 14) to base 3
0
What is -5 (base 11) in base 7?
-5
What is -1 (base 16) in base 13?
-1
17 (base 11) to base 16
12
What is -7 (base 15) in base 10?
-7
Convert -12 (base 6) to base 3.
-22
-37 (base 12) to base 5
-133
Convert 9 (base 15) to base 11.
9
What is 8 (base 10) in base 15?
8
What is -13 (base 7) in base 2?
-1010
Convert 151 (base 6) to base 3.
2111
Convert 21 (base 14) to base 5.
104
Convert 75 (base 15) to base 13.
86
101110 (base 2) to base 13
37
Convert -3 (base 4) to base 3.
-10
What is -4d (base 16) in base 8?
-115
62 (base 9) to base 8
70
What is 1 (base 15) in base 5?
1
What is 6 (base 12) in base 6?
10
Convert 1 (base 13) to base 6.
1
Convert 12202 (base 3) to base 12.
10b
What is -13 (base 11) in base 9?
-15
-228 (base 9) to base 15
-c8
-a (base 13) to base 7
-13
What is -71 (base 9) in base 6?
-144
-101 (base 2) to base 11
-5
Convert 1 (base 3) to base 1